+ 2, 4*u - u = 5*b - s. What is the highest common divisor of 6 and b?
6
Let x be 5/(10/(-6))*-8. What is the greatest common factor of 36 and x?
12
Let f = -120 + 216. Suppose -12 = 5*d - 72. Calculate the greatest common factor of f and d.
12
Suppose -8*s + 7*s = -160. Calculate the highest common divisor of 20 and s.
20
Let h be 140/25 - 4/(-10). Suppose -2*l - 12 = -h*l. Suppose -l*t + 5*r + 237 = 0, t + 2*r - 72 = 6*r. Calculate the greatest common factor of 14 and t.
14
Let r = -22 + 34. Suppose 2*o - r = -o. What is the highest common factor of o and 4?
4
Suppose 0*w = -3*w + 12. Let g(x) = 4 - 4 + 0 + 1 + 3*x. Let y be g(w). What is the highest common divisor of y and 13?
13
Suppose 4*k + 5*q = 54, -3*k + 23 = -4*q - q. Let c = 8 + -7. What is the greatest common divisor of k and c?
1
Let c = -5 + 21. Calculate the highest common divisor of 4 and c.
4
Let l be 2 + 356 - (-1 - 1). Suppose 3*n - l = -2*n. Suppose 5*h - 3 = c + 37, 0 = -5*h - 5*c + 40. Calculate the highest common factor of h and n.
8
Suppose -4*t - 3*y + 119 = 0, -5*t + 139 + 9 = 3*y. What is the highest common divisor of 319 and t?
29
Let t be 3 - 0/(-1*2). Let j be 12/9*t*14. Suppose 3*i = 11 + 13. Calculate the highest common divisor of j and i.
8
Let w(d) be the first derivative of 8*d**3/3 - d**2/2 - 5. Let x be w(1). Calculate the highest common factor of x and 28.
7
Suppose -2*t + 3*z + 12 = z, z - 24 = -2*t. Suppose 2*c - 3*k + 4*k = 2, -2*k + 8 = 0. Let u = c + t. Calculate the highest common factor of u and 63.
9
Let j(v) = 73*v - 4. Let a(y) = 147*y - 7. Let k(d) = 6*a(d) - 11*j(d). Let c be k(1). What is the highest common factor of 9 and c?
9
Suppose 2*q - 37 = -3*c + 32, 0 = 5*q - 15. What is the highest common divisor of c and 63?
21
Suppose p + 50 = 362. Suppose 0 = 2*d + 3*d - 2*y - p, -5*d + 4*y = -314. Suppose -10 = -3*i + d. What is the greatest common divisor of i and 60?
12
Let u = -7 - -12. Suppose -17 = u*b + 53. Let i = b + 28. Calculate the greatest common factor of 126 and i.
14
Let g(u) = u + 2. Let l be g(-3). Let o be -5*(l - (-6)/15). Suppose -y = 4*a - 25, -2*y + 11 = 2*a - o*y. Calculate the greatest common divisor of 66 and a.
6
Let q(x) = -x**3 - 8*x**2 + 3*x - 8. Let j be q(-9). Suppose -4*v = -l - j, 0 = -4*v + 3*l + l + 40. What is the highest common factor of v and 4?
4
Let u = -55 - -72. Suppose -3*c = 2*r + 2*r - 549, -386 = -2*c + 4*r. Calculate the highest common divisor of u and c.
17
Let l be -1*(0 + -1)*(9 + -2). Calculate the greatest common divisor of 161 and l.
7
Let w(a) = -11*a - 7. Let z be -1 + -1 + -1 + 9. Let c = -11 + z. Let r be w(c). What is the highest common divisor of r and 6?
6
Suppose -4*x - 3*b = -9, -6*x - 4*b + 4 = -2*x. Suppose 6*h = h. Suppose h = -2*i + 23 + 25. What is the greatest common factor of i and x?
6
Let p be 2/(-3) + (-92)/(-3). Let t = 652 + -562. Calculate the highest common factor of t and p.
30
Let d(k) = -k**3 - 4*k**2 - 5*k - 2. Let u be d(-3). Suppose -u*y = 1 - 5. Calculate the highest common divisor of y and 7.
1
Let w = 42 - 30. Let y be ((-168)/196)/(3/(-14)). Calculate the highest common factor of y and w.
4
Suppose -2*i - 2*g = i - 7, 3 = 3*i + 3*g. Suppose -1 = -k - i, k - 161 = -5*c. What is the greatest common divisor of c and 66?
33
Let t be 3*-1 - (-13 + 4). Calculate the greatest common factor of t and 6.
6
Let f = 69 + -47. What is the highest common divisor of f and 33?
11
Let y = 267 + -117. Calculate the highest common divisor of y and 15.
15
Let z be (-4)/(-14) + 72/(-7). Let j be 2 - (-2 - (2 - z)). Suppose -2*x - 4*w = j, -4*x + w + 0*w = -13. Calculate the highest common factor of x and 16.
2
Let c(p) = 11*p. Let q be c(1). Suppose 0 = 3*x + x - 52. Suppose -3*i = -79 + x. What is the greatest common divisor of q and i?
11
Suppose 0 = 5*c - 4*p - 470 - 51, c - 108 = -3*p. What is the highest common divisor of 15 and c?
15
Let z(w) = -w**2 + 7*w + 3. Let f be z(5). Let k(b) = 13*b**3 - 2*b**2 + 2*b**2. Let m be k(1). Calculate the greatest common factor of f and m.
13
Suppose t + 8 = 5*t. Suppose -11 - 33 = -3*o + 4*l, t*o - 34 = 5*l. Let a be -2 + (-2 - (4 - 20)). What is the greatest common divisor of o and a?
12
Let l be (5/2)/((-45)/(-72)). Calculate the highest common divisor of l and 92.
4
Let z = 149 + -45. Suppose 2*v - 39 = -v. Calculate the greatest common divisor of v and z.
13
Let o = 0 - -1. Let h be 3 - (-1)/(o/2). Suppose 0*s + h*s = 5. Calculate the highest common factor of s and 3.
1
Suppose 0 = -4*q - 2*u + 6, -q + u = -3*u - 15. Suppose -q + 0 = v. Let p(w) = 4*w**2 + 2*w - 4. Let a be p(v). What is the greatest common divisor of a and 13?
13
Suppose 4*o - 4 = 2*o. Let z(k) = -k + 2. Let b be z(8). Let h be -1 + b*o/(-4). What is the highest common factor of h and 10?
2
Let u be (1 - -63)*(-1)/(-1). Calculate the highest common divisor of 8 and u.
8
Suppose 101 = 5*u - 2*o + o, -25 = -u + 5*o. What is the greatest common factor of u and 5?
5
Suppose -50 = -3*w - 5*k, -2*w = -4*w - 5*k + 30. What is the highest common divisor of 4 and w?
4
Let j = -102 - -113. What is the greatest common divisor of 44 and j?
11
Let h(u) be the second derivative of 15*u**3/2 - u**2/2 - 6*u. Let q be h(1). What is the highest common divisor of q and 4?
4
Let s(x) = x**2 - 14*x + 18. Let v be s(13). Suppose v*j = -3*r + r + 144, 0 = -j - 4*r + 18. What is the greatest common divisor of 60 and j?
30
Let r = 2 - 0. Let h be 17/4 - r/8. Suppose g - h*f + 7 = 0, 5*g - 40 = -5*f - 0. Calculate the highest common factor of 45 and g.
5
Suppose -5*g = 3*j + 10 - 40, 12 = -g + 3*j. Suppose g*m + 4*v - 164 = 0, -5*v - 2 = 3. Calculate the highest common divisor of m and 84.
28
Let r(o) = o**3 + 7*o**2 + 3*o - 7. Let b(y) = 7*y + 1. Let c be b(-1). Let f be r(c). Calculate the highest common factor of 99 and f.
11
Suppose 3*b + 44 + 334 = 0. Let s = -90 - b. Suppose -3*w + 43 = -29. What is the greatest common factor of w and s?
12
Let k = 6 + 1. What is the highest common factor of 28 and k?
7
Let i be (3 - -14)*(0 - -1). Calculate the highest common divisor of i and 34.
17
Let c(s) = -s**3 - 6*s**2 - 3*s - 7. Let m be c(-6). Suppose -m = -l + 1. What is the greatest common factor of 30 and l?
6
Let m = -21 + 24. Let r = 58 + -25. Calculate the highest common divisor of m and r.
3
Let i be (-2)/(-8) - 235/(-4). Let h = 30 - i. Let k be h/(-2) - (-2)/4. What is the highest common factor of 105 and k?
15
Let i(t) = -t**2 - 4*t + 4. Let d be i(-4). Let m(v) = v**2 - 5*v + 5. Let p be m(d). Let y = p - -3. What is the greatest common divisor of y and 20?
4
Suppose 0*p + 4*c - 4 = p, 3*c - 25 = -2*p. Let k be (p/10)/(2/30). What is the highest common factor of k and 84?
12
Let a be (-236)/(-12) - 10/15. What is the highest common divisor of a and 114?
19
Let k be 110/25 - (-4)/(-10). Suppose -144 = -k*i + i. Calculate the greatest common factor of i and 12.
12
Let y be -3*(6/2 - 4). What is the greatest common divisor of 27 and y?
3
Let r be (-7)/(-3 - -4 - (-75)/(-72)). What is the highest common factor of r and 21?
21
Suppose -14*p + 14 = -13*p. Calculate the greatest common factor of p and 2.
2
Let i be (-4)/(-4*(-3)/(-102)). What is the highest common divisor of i and 34?
34
Let c be (35 - 4 - 0) + -3. What is the highest common divisor of c and 4?
4
Let a = -57 - -75. Let r be (2/3)/((-2)/(-270)). Calculate the highest common divisor of a and r.
18
Let s be (-14 + 12)*19/(-2). Calculate the greatest common factor of s and 19.
19
Let c(a) = a**3 + 12*a**2 - 2*a - 7. Let x = -31 + 19. Let g be c(x). Calculate the greatest common factor of 119 and g.
17
Suppose -324 = -3*p + d + 104, 0 = -3*p - 4*d + 448. Calculate the greatest common factor of 36 and p.
36
Suppose -4987 = -21*l - 1060. What is the greatest common factor of l and 17?
17
Suppose 0 = 2*i - 3 - 3. Suppose k = 4*p + 2*k - 437, -229 = -2*p + i*k. Calculate the highest common factor of p and 22.
22
Let x(i) = -i**3 - 7*i**2 - 7*i + 8. Let d be x(-6). Suppose 3*k - 5*p + 0*p = 21, p = -2*k + d. Calculate the highest common factor of k and 21.
7
Let f be (-3)/(-9) + 105/9. Suppose -5*b + 5 = -35. Calculate the greatest common divisor of f and b.
4
Let i be 5/10*(1 - -3). Suppose -i*h + h = 3*n - 51, 0 = 3*h + 5*n - 13